e
Is 9511 composite?
False
Is 135881 prime?
False
Is 4159009 a composite number?
True
Is 48901 a prime number?
False
Is 148439 prime?
True
Is 126233 prime?
True
Is 427013 prime?
True
Is 10753 a prime number?
True
Is 143237 a composite number?
True
Is 541469 a composite number?
False
Is 9707 a composite number?
True
Is 195731 a prime number?
True
Is 424873 prime?
False
Is 2090553 a composite number?
True
Is 95543 a prime number?
False
Is 66467 composite?
False
Is 254647 prime?
True
Is 147607 prime?
True
Is 172015 prime?
False
Is 673 prime?
True
Is 161277 a composite number?
True
Is 660497 a prime number?
False
Is 3203 prime?
True
Is 238877 composite?
False
Is 1943693 a prime number?
True
Is 8213 composite?
True
Is 1584586 prime?
False
Is 563 composite?
False
Is 453599 prime?
True
Is 52769 prime?
True
Is 148853 a composite number?
False
Is 739217 composite?
False
Is 809035 prime?
False
Is 370627 prime?
False
Is 10841 a prime number?
False
Is 95911 prime?
True
Is 18781 a composite number?
True
Is 26237 a prime number?
True
Is 92342 composite?
True
Is 7781 a prime number?
False
Is 171634 a prime number?
False
Is 255173 composite?
False
Is 1011207 a composite number?
True
Is 2579 prime?
True
Is 5251 a prime number?
False
Is 24593 a composite number?
False
Is 56863 a prime number?
False
Is 21059 prime?
True
Is 61751 prime?
True
Is 32114 composite?
True
Is 27179 composite?
False
Is 82385 a prime number?
False
Is 146051 composite?
False
Is 456917 a composite number?
True
Is 5357 composite?
True
Is 139439 prime?
True
Is 24987 composite?
True
Is 6999 prime?
False
Is 2833 a prime number?
True
Is 1319 a composite number?
False
Is 107441 prime?
True
Is 6359 composite?
False
Is 224999 prime?
False
Is 94933 prime?
True
Is 7247 a prime number?
True
Is 719551 a prime number?
False
Is 8141 a prime number?
False
Is 1609399 a prime number?
False
Is 16771 composite?
True
Is 19807 a composite number?
True
Is 47053 a prime number?
False
Is 14037 a composite number?
True
Is 87071 prime?
True
Is 27361 prime?
True
Is 26669 a composite number?
False
Is 1600037 a composite number?
False
Is 9337 prime?
True
Is 672439 composite?
False
Is 40913 a composite number?
True
Is 2077 a prime number?
False
Is 308951 a composite number?
False
Is 7177 composite?
False
Is 7013 prime?
True
Is 122147 prime?
True
Is 12197 prime?
True
Is 116251 a composite number?
True
Is 664111 composite?
True
Is 11213 a prime number?
True
Is 32701 composite?
True
Is 90845 composite?
True
Is 4987 a composite number?
False
Is 587 a composite number?
False
Is 31366 a prime number?
False
Is 20569 a prime number?
False
Is 308523 composite?
True
Is 93237 a composite number?
True
Is 4684361 prime?
False
Is 342481 a prime number?
True
Is 940573 a composite number?
False
Is 30047 a composite number?
False
Is 40151 composite?
False
Is 306415 a composite number?
True
Is 1219 a composite number?
True
Is 68863 a composite number?
False
Is 631697 prime?
False
Is 2929 composite?
True
Is 39499 composite?
False
Is 3785 a prime number?
False
Is 547917 prime?
False
Is 4291 a composite number?
True
Is 8501 a prime number?
True
Is 1741 composite?
False
Is 107593 composite?
True
Is 451597 a composite number?
True
Is 62513 a composite number?
True
Is 6899 a composite number?
False
Is 31279 composite?
True
Is 250963 a composite number?
False
Is 11329 a prime number?
True
Is 130091 composite?
True
Is 1262377 composite?
False
Is 17341 a composite number?
False
Is 18589 composite?
True
Is 3793 composite?
False
Is 13381 a prime number?
True
Is 1545701 a prime number?
True
Is 23459 composite?
False
Is 406991 prime?
False
Is 265547 prime?
True
Is 24019 composite?
False
Is 169597 a prime number?
False
Is 27187 composite?
True
Is 23599 composite?
False
Is 6873209 a composite number?
True
Is 622409 prime?
False
Is 11243 prime?
True
Is 10357 composite?
False
Is 332461 prime?
True
Is 1444549 prime?
False
Is 10903 prime?
True
Is 450265 composite?
True
Is 860239 a composite number?
False
Is 328009 composite?
True
Is 8411 prime?
False
Is 27273 prime?
False
Is 683231 a composite number?
False
Is 12203 a composite number?
False
Is 113279 composite?
False
Is 29981 prime?
False
Is 106549 composite?
True
Is 4663 a composite number?
False
Is 9311 prime?
True
Is 28643 prime?
True
Is 146777 a composite number?
False
Is 587606 prime?
False
Is 802703 composite?
True
Is 5227 composite?
False
Is 54794 composite?
True
Is 93986 a composite number?
True
Is 48571 composite?
False
Is 16669 composite?
True
Is 1769 a prime number?
False
Is 184409 a prime number?
True
Is 14197 composite?
False
Is 12637 a prime number?
True
Is 1713 a composite number?
True
Is 2307 prime?
False
Is 103231 a composite number?
False
Is 81071 prime?
True
Is 89663 a composite number?
True
Is 1365347 prime?
True
Is 16838 prime?
False
Is 22051 prime?
True
Is 167045 a composite number?
True
Is 91997 a prime number?
True
Is 11633 composite?
False
Is 21833 a composite number?
True
Is 628637 a composite number?
True
Is 56233 prime?
False
Is 12343 composite?
False
Is 1317223 a prime number?
True
Is 10243 prime?
True
Is 6439 composite?
True
Is 112289 a composite number?
False
Is 440005 composite?
True
Is 15893 prime?
False
Is 10354351 prime?
False
Is 5123477 composite?
True
Is 50665 composite?
True
Is 11279 composite?
False
Is 633515 prime?
False
Is 4457615 a composite number?
True
Is 160453 prime?
True
Is 5599 a prime number?
False
Is 40873 composite?
True
Is 11189 prime?
False
Is 32117 composite?
False
Is 379 prime?
True
Is 16301 composite?
False
Is 164987 a composite number?
False
Is 3824413 a prime number?
True
Is 4201 prime?
True
Is 21089 a prime number?
True
Is 34811 a prime number?
False
Is 14351 a prime number?
False
Is 121763 a prime number?
True
Is 218459 composite?
False
Is 26457 a prime number?
False
Is 118751 composite?
False
Is 482539 composite?
False
Is 58631 a composite number?
False
Is 48017 composite?
False
Is 19029 prime?
False
Is 55643 a prime number?
False
Is 16871 a prime number?
True
Is 2719 a composite number?
False
Is 9127 prime?
True
Is 121001 a composite number?
False
Is 71417 composite?
True
Is 77309 prime?
False
Is 83299 prime?
True
Is 43117 a prime number?
True
Is 2245 prime?
False
Is 44401 a prime number?
False
Is 32059 a composite number?
False
Is 251227 composite?
True
Is 2861 a prime number?
True
Is 6521 a composite number?
False
Is 23267 a prime number?
False
Is 50111 a prime number?
True
Is 3259715 prime?
False
Is 43042 composite?
True
Is 15397 a prime number?
False
Is 462619 a composite number?
True
Is 234335 prime?
False
Is 453379 composite?
False
Is 3506 a composite number?
True
Is 12601 composite?
False
Is 109513 composite?
True
Is 6467 a composite number?
True
Is 3271 a composite number?
False
Is 17837 prime?
True
Is 184669 prime?
True
Is 416359 a composite number?
False
Is 1739 a prime number?
False
Is 378869 a composite number?
False
Is 757999 composite?
True
Is 22433 prime?
True
Is 2219 a composite number?
True
Is 94279 a composite number?
True
Is 527251 a prime number?
True
Is 25391 prime?
True
Is 2557 a prime number?
True
Is 825169 prime?
False
Is 801953 a composite number?
True
Is 2671 a prime number?
True
Is 223331 a prime number?
True
Is 34769 composite?
True
Is 7067 prime?
False
Is 5666 composite?
True
Is 1049 composite?
False
Is 234427 a composite number?
True
Is 132323 prime?
False
Is 12289 a prime number?
True
Is 23889 composite?
True
Is 382999 prime?
True
Is 8009 composite?
False
Is 72763 a prime number?
True
Is 17926 a prime number?
False
Is 59429 a prime number?
False
Is 13873 a prime number?
True
Is 33817 prime?
False
Is 34027 composite?
True
Is 34971 prime?
False
Is 105445 prime?
False
Is 14206 prime?
False
Is 212899 a composite number?
True
Is 11239 prime?
True
Is 1178887 a prime number?
True
Is 528289 composite?
False
Is 97793 a composite number?
True
Is 45941 a composite number?
True
Is 30949 a prime number?
True
Is 48947 composite?
False
Is 7411 composite?
False
Is 140159 composite?
False
Is 2434 a composite number?
True
Is 1443631 a composite number?
True
Is 4487 a composite number?
True
Is 1274549 composite?
False
Is 527335 composite?
True
Is 167114 a prime number?
False
Is 3671 a composite number?
False
Is 18529 prime?
Fal